{"version":"1.0","provider_name":"Politisches Frauenpodium Gossau ZH","provider_url":"https:\/\/www.frauenpodiumgossau-zh.ch","author_name":"admin","author_url":"https:\/\/www.frauenpodiumgossau-zh.ch\/index.php\/author\/richard_vvkm1238\/","title":"Bisherige Frauen in den Beh\u00f6rden - Politisches Frauenpodium Gossau ZH","type":"rich","width":600,"height":338,"html":"<blockquote class=\"wp-embedded-content\" data-secret=\"pPZF2PEKQJ\"><a href=\"https:\/\/www.frauenpodiumgossau-zh.ch\/index.php\/ueber-uns\/bisherige-behoerdenfrauen\/\">Bisherige Frauen in den Beh\u00f6rden<\/a><\/blockquote><iframe sandbox=\"allow-scripts\" security=\"restricted\" src=\"https:\/\/www.frauenpodiumgossau-zh.ch\/index.php\/ueber-uns\/bisherige-behoerdenfrauen\/embed\/#?secret=pPZF2PEKQJ\" width=\"600\" height=\"338\" title=\"&#8222;Bisherige Frauen in den Beh\u00f6rden&#8220; &#8211; Politisches Frauenpodium Gossau ZH\" data-secret=\"pPZF2PEKQJ\" frameborder=\"0\" marginwidth=\"0\" marginheight=\"0\" scrolling=\"no\" class=\"wp-embedded-content\"><\/iframe><script>\n\/*! This file is auto-generated *\/\n!function(d,l){\"use strict\";l.querySelector&&d.addEventListener&&\"undefined\"!=typeof URL&&(d.wp=d.wp||{},d.wp.receiveEmbedMessage||(d.wp.receiveEmbedMessage=function(e){var t=e.data;if((t||t.secret||t.message||t.value)&&!\/[^a-zA-Z0-9]\/.test(t.secret)){for(var s,r,n,a=l.querySelectorAll('iframe[data-secret=\"'+t.secret+'\"]'),o=l.querySelectorAll('blockquote[data-secret=\"'+t.secret+'\"]'),c=new RegExp(\"^https?:$\",\"i\"),i=0;i<o.length;i++)o[i].style.display=\"none\";for(i=0;i<a.length;i++)s=a[i],e.source===s.contentWindow&&(s.removeAttribute(\"style\"),\"height\"===t.message?(1e3<(r=parseInt(t.value,10))?r=1e3:~~r<200&&(r=200),s.height=r):\"link\"===t.message&&(r=new URL(s.getAttribute(\"src\")),n=new URL(t.value),c.test(n.protocol))&&n.host===r.host&&l.activeElement===s&&(d.top.location.href=t.value))}},d.addEventListener(\"message\",d.wp.receiveEmbedMessage,!1),l.addEventListener(\"DOMContentLoaded\",function(){for(var e,t,s=l.querySelectorAll(\"iframe.wp-embedded-content\"),r=0;r<s.length;r++)(t=(e=s[r]).getAttribute(\"data-secret\"))||(t=Math.random().toString(36).substring(2,12),e.src+=\"#?secret=\"+t,e.setAttribute(\"data-secret\",t)),e.contentWindow.postMessage({message:\"ready\",secret:t},\"*\")},!1)))}(window,document);\n\/\/# sourceURL=https:\/\/www.frauenpodiumgossau-zh.ch\/wp-includes\/js\/wp-embed.min.js\n<\/script>\n","description":"Seit seiner Gr\u00fcndung setzt sich das Politische Frauenpodium Gossau daf\u00fcr ein, Frauen in ihrer politischen Teilhabe zu st\u00e4rken und sichtbar zu machen. In den vergangenen Jahrzehnten haben engagierte Frauen aus unseren Reihen Verantwortung \u00fcbernommen und das politische Geschehen in Gossau aktiv mitgestaltet. Diese Galerie zeigt jene Frauen, die als Mitglied in ein Beh\u00f6rdenamt gew\u00e4hlt wurden &hellip; \u201e\u201c weiterlesen","thumbnail_url":"https:\/\/www.frauenpodiumgossau-zh.ch\/wp-content\/uploads\/2025\/11\/01-HelenReiser-2021-sw-scaled.jpg","thumbnail_width":1920,"thumbnail_height":2560}

Bisherige Frauen in den Behörden - Politisches Frauenpodium Gossau ZH

<blockquote class="wp-embedded-content" data-secret="pPZF2PEKQJ"><a href="https://www.frauenpodiumgossau-zh.ch/index.php/ueber-uns/bisherige-behoerdenfrauen/">Bisherige Frauen in den Behörden</a></blockquote><iframe sandbox="allow-scripts" security="restricted" src="https://www.frauenpodiumgossau-zh.ch/index.php/ueber-uns/bisherige-behoerdenfrauen/embed/#?secret=pPZF2PEKQJ" width="600" height="338" title="&#8222;Bisherige Frauen in den Behörden&#8220; &#8211; Politisches Frauenpodium Gossau ZH" data-secret="pPZF2PEKQJ" frameborder="0" marginwidth="0" marginheight="0" scrolling="no" class="wp-embedded-content"></iframe><script>
/*! This file is auto-generated */
!function(d,l){"use strict";l.querySelector&&d.addEventListener&&"undefined"!=typeof URL&&(d.wp=d.wp||{},d.wp.receiveEmbedMessage||(d.wp.receiveEmbedMessage=function(e){var t=e.data;if((t||t.secret||t.message||t.value)&&!/[^a-zA-Z0-9]/.test(t.secret)){for(var s,r,n,a=l.querySelectorAll('iframe[data-secret="'+t.secret+'"]'),o=l.querySelectorAll('blockquote[data-secret="'+t.secret+'"]'),c=new RegExp("^https?:$","i"),i=0;i<o.length;i++)o[i].style.display="none";for(i=0;i<a.length;i++)s=a[i],e.source===s.contentWindow&&(s.removeAttribute("style"),"height"===t.message?(1e3<(r=parseInt(t.value,10))?r=1e3:~~r<200&&(r=200),s.height=r):"link"===t.message&&(r=new URL(s.getAttribute("src")),n=new URL(t.value),c.test(n.protocol))&&n.host===r.host&&l.activeElement===s&&(d.top.location.href=t.value))}},d.addEventListener("message",d.wp.receiveEmbedMessage,!1),l.addEventListener("DOMContentLoaded",function(){for(var e,t,s=l.querySelectorAll("iframe.wp-embedded-content"),r=0;r<s.length;r++)(t=(e=s[r]).getAttribute("data-secret"))||(t=Math.random().toString(36).substring(2,12),e.src+="#?secret="+t,e.setAttribute("data-secret",t)),e.contentWindow.postMessage({message:"ready",secret:t},"*")},!1)))}(window,document);
//# sourceURL=https://www.frauenpodiumgossau-zh.ch/wp-includes/js/wp-embed.min.js
</script>

Seit seiner Gründung setzt sich das Politische Frauenpodium Gossau dafür ein, Frauen in ihrer politischen Teilhabe zu stärken und sichtbar zu machen. In den vergangenen Jahrzehnten haben engagierte Frauen aus unseren Reihen Verantwortung übernommen und das politische Geschehen in Gossau aktiv mitgestaltet. Diese Galerie zeigt jene Frauen, die als Mitglied in ein Behördenamt gewählt wurden &hellip; „“ weiterlesen
